True
Is 288 a multiple of 9?
True
Is 56 a factor of 280?
True
Is 11 a factor of 16818?
False
Is 96 a factor of 773?
False
Is 225 a multiple of 30?
False
Is 10 a factor of 1820?
True
Is 456 a multiple of 57?
True
Is 3 a factor of 24?
True
Does 20 divide 17481?
False
Is 3194 a multiple of 10?
False
Does 3 divide 313?
False
Does 72 divide 216?
True
Does 19 divide 2055?
False
Is 21 a factor of 693?
True
Is 7900 a multiple of 316?
True
Is 1296 a multiple of 16?
True
Does 15 divide 1155?
True
Is 1610 a multiple of 46?
True
Is 147 a factor of 22638?
True
Is 5 a factor of 667?
False
Is 2241 a multiple of 27?
True
Is 7542 a multiple of 69?
False
Is 33 a factor of 1386?
True
Does 30 divide 2562?
False
Does 18 divide 2104?
False
Does 52 divide 1711?
False
Does 6 divide 589?
False
Does 12 divide 1224?
True
Is 171 a factor of 10773?
True
Is 5241 a multiple of 66?
False
Does 14 divide 1302?
True
Is 7005 a multiple of 303?
False
Is 26 a factor of 2807?
False
Does 21 divide 4788?
True
Is 5886 a multiple of 20?
False
Is 1320 a multiple of 44?
True
Is 5 a factor of 145?
True
Does 48 divide 1070?
False
Is 33 a factor of 20229?
True
Is 34680 a multiple of 7?
False
Does 15 divide 1430?
False
Is 3 a factor of 33?
True
Is 14 a factor of 31612?
True
Does 60 divide 90?
False
Does 23 divide 6463?
True
Is 2394 a multiple of 42?
True
Is 13066 a multiple of 139?
True
Does 24 divide 2352?
True
Does 15 divide 3425?
False
Is 6050 a multiple of 50?
True
Does 7 divide 457?
False
Does 6 divide 1174?
False
Is 159 a factor of 11925?
True
Does 10 divide 476?
False
Does 20 divide 3251?
False
Is 3499 a multiple of 10?
False
Does 38 divide 1951?
False
Does 9 divide 53442?
True
Is 1204 a multiple of 4?
True
Is 22153 a multiple of 8?
False
Is 374 a multiple of 34?
True
Is 11946 a multiple of 66?
True
Does 5 divide 615?
True
Does 11 divide 1584?
True
Does 29 divide 1257?
False
Is 12 a factor of 2285?
False
Is 7154 a multiple of 64?
False
Is 63 a factor of 1820?
False
Does 4 divide 1562?
False
Is 4241 a multiple of 48?
False
Is 1408 a multiple of 11?
True
Is 1357 a multiple of 14?
False
Is 50 a factor of 705?
False
Does 95 divide 5771?
False
Does 11 divide 22?
True
Is 423 a multiple of 65?
False
Does 26 divide 390?
True
Does 44 divide 554?
False
Is 4 a factor of 948?
True
Is 115 a factor of 6325?
True
Does 4 divide 8775?
False
Is 34 a factor of 2414?
True
Is 25523 a multiple of 19?
False
Is 2070 a multiple of 16?
False
Is 336 a multiple of 24?
True
Does 4 divide 317?
False
Does 104 divide 20539?
False
Is 7 a factor of 431?
False
Is 456 a multiple of 38?
True
Does 25 divide 5470?
False
Is 579 a multiple of 62?
False
Is 92976 a multiple of 16?
True
Is 3280 a multiple of 10?
True
Does 40 divide 800?
True
Is 162 a factor of 7128?
True
Is 210 a multiple of 14?
True
Is 8 a factor of 5899?
False
Is 10 a factor of 220?
True
Is 5285 a multiple of 6?
False
Is 4 a factor of 1012?
True
Is 23010 a multiple of 30?
True
Is 1066 a multiple of 82?
True
Does 71 divide 3246?
False
Does 166 divide 19422?
True
Is 180 a factor of 11700?
True
Does 26 divide 3328?
True
Is 65 a multiple of 31?
False
Is 17 a factor of 238?
True
Does 23 divide 3227?
False
Does 89 divide 27946?
True
Is 4026 a multiple of 33?
True
Is 8680 a multiple of 28?
True
Is 5890 a multiple of 155?
True
Is 995 a multiple of 4?
False
Is 594 a multiple of 11?
True
Is 104 a multiple of 9?
False
Does 46 divide 183?
False
Does 14 divide 1778?
True
Is 5 a factor of 1743?
False
Does 67 divide 14539?
True
Does 47 divide 9776?
True
Does 66 divide 2640?
True
Does 12 divide 1095?
False
Is 13 a factor of 329?
False
Is 121 a factor of 37994?
True
Is 13 a factor of 2054?
True
Does 6 divide 723?
False
Does 7 divide 105?
True
Is 54675 a multiple of 80?
False
Is 17 a factor of 4033?
False
Is 11 a factor of 396?
True
Does 57 divide 2842?
False
Is 100 a factor of 10888?
False
Does 5 divide 35?
True
Does 15 divide 2670?
True
Is 12 a factor of 17220?
True
Is 22 a factor of 723?
False
Does 14 divide 13613?
False
Does 129 divide 27993?
True
Does 52 divide 22269?
False
Is 3 a factor of 64?
False
Is 12 a factor of 9528?
True
Is 2628 a multiple of 73?
True
Is 5600 a multiple of 35?
True
Does 13 divide 67184?
True
Is 11 a multiple of 10?
False
Does 17 divide 1598?
True
Is 50 a factor of 239?
False
Is 920 a multiple of 10?
True
Is 593 a multiple of 25?
False
Does 56 divide 38678?
False
Does 179 divide 12204?
False
Is 28 a factor of 476?
True
Does 49 divide 9370?
False
Does 43 divide 3601?
False
Does 9 divide 10278?
True
Does 7 divide 8087?
False
Is 32982 a multiple of 239?
True
Is 19 a factor of 14782?
True
Is 472 a multiple of 8?
True
Is 14 a factor of 308?
True
Is 21 a factor of 908?
False
Is 14 a factor of 783?
False
Does 15 divide 127?
False
Does 148 divide 9554?
False
Does 3 divide 2575?
False
Does 19 divide 4209?
False
Does 173 divide 1211?
True
Is 91 a factor of 18841?
False
Is 782 a multiple of 15?
False
Does 216 divide 169299?
False
Is 8109 a multiple of 17?
True
Does 23 divide 12274?
False
Does 13 divide 286?
True
Is 66 a factor of 13200?
True
Does 8 divide 136?
True
Does 41 divide 451?
True
Does 5 divide 4616?
False
Does 95 divide 12160?
True
Is 1864 a multiple of 6?
False
Is 320 a multiple of 80?
True
Is 1938 a multiple of 34?
True
Does 14 divide 982?
False
Is 16 a factor of 784?
True
Is 701 a multiple of 52?
False
Is 15 a factor of 733?
False
Is 78 a factor of 57649?
False
Is 570 a multiple of 95?
True
Is 44234 a multiple of 34?
True
Is 594 a multiple of 11?
True
Does 14 divide 1483?
False
Is 49 a factor of 1470?
True
Is 99 a factor of 2309?
False
Is 781 a multiple of 34?
False
Is 9908 a multiple of 30?
False
Is 629 a multiple of 2?
False
Does 10 divide 21381?
False
Does 69 divide 1569?
False
Is 94 a factor of 52076?
True
Is 186 a factor of 79794?
True
Does 18 divide 5012?
False
Is 15 a factor of 123?
False
Is 330 a multiple of 11?
True
Is 21 a factor of 3535?
False
Does 10 divide 2933?
False
Is 12 a factor of 36152?
False
Is 8722 a multiple of 14?
True
Is 2119 a multiple of 22?
False
Is 106 even?
True
Is 504 a multiple of 7?
True
Is 12462 a multiple of 139?
False
Does 76 divide 3192?
True
Is 67 a factor of 46271?
False
Does 62 divide 372?
True
Does 40 divide 1291?
False
Is 2 a factor of 5748?
True
Does 91 divide 50319?
False
Is 12 a factor of 2328?
True
Is 17 a factor of 185?
False
Is 4238 a multiple of 163?
True
Is 4800 a multiple of 16?
True
Is 49 a factor of 12860?
False
Is 8 a factor of 168?
True
Is 126 a multiple of 3?
True
Does 24 divide 4752?
True
Is 25 a factor of 2775?
True
Is 6 a factor of 1428?
True
Does 160 divide 2436?
False
Is 33 a factor of 37711?
False
Does 11 divide 605?
True
Is 3262 a multiple of 8?
False
Does 3 divide 1061?
False
Is 12198 a multiple of 38?
True
Is 31 a factor of 9641?
True
Is 14 a factor of 236?
False
Does 37 divide 18547?
False
Is 1809 a multiple of 3?
True
Is 321 a multiple of 3?
True
Is 223 even?
False
Does 87 divide 3060?
False
Is 87 a factor of 869?
False
Is 1938 a multiple of 34?
True
Does 54 divide 13662?
True
Is 8 a factor of 480?
True
Is 1581 a multiple of 31?
True
Is 988 a multiple of 38?
True
Is 16 a factor of 160?
True
Does 101 divide 8282?
True
Is 90 a factor of 679?
False
Does 38 divide 874?
True
Is 36 a factor of 1800?
True
Is 6 a factor of 139?
False
Is 8055 a multiple of 179?
True
Is 16023 a multiple of 13?
False
Is 65920 a multiple of 72?
False
Is 1001 a multiple of 77?
True
Is 8211 a multiple of 22?
False
Is 49 a factor of 392?
True
Is 10 a factor of 2730?
True
Is 2091 a multiple of 22?
False
Does 105 divide 31985?
False
Is 16 a factor of 749?
False
Is 12611 a multiple of 16?
False
Is 11 a factor of 8954?
True
Is 78 a factor of 1622?
False
Is 320 a multiple of 5?
True
Does 39 divide 936?
True
Is 2 a factor of 611?
False
Does 19 divide 3116?
True
Is 8 a factor of 7083?
False
Is 59434 a multiple of 50?
False
Does 8 divide 2096?
True
Does 34 divide 38080?
True
Does 24 divide 384?
True
Is 168 a multiple of 8?
True
Is 8 a factor of 416?
True
Is 10772 a multiple of 54?
False
Is 182 a factor of 24033?
False
Is 93446 a multiple of 7?
False
Is 10 a factor of 11713?
False
Is 33 a factor of 52173?
True
Is 6 a factor of 300?
True
Is 50 a factor of 188?
False
Is 101356 a multiple of 22?
False
Is 61 a multiple o